digit of 1380299770?
9
What is the hundred thousands digit of 444984044?
9
What is the hundreds digit of 1496561831?
8
What is the thousands digit of 48857229?
7
What is the hundreds digit of 551680914?
9
What is the thousands digit of 71597563?
7
What is the ten thousands digit of 4033636126?
3
What is the ten thousands digit of 116005681?
0
What is the hundred millions digit of 110262541?
1
What is the millions digit of 22175662?
2
What is the ten millions digit of 1296159150?
9
What is the billions digit of 1012345999?
1
What is the tens digit of 987642608?
0
What is the hundreds digit of 6500478143?
1
What is the units digit of 351603247?
7
What is the hundred thousands digit of 35344849?
3
What is the tens digit of 586323651?
5
What is the hundred thousands digit of 1449634580?
6
What is the tens digit of 1659104569?
6
What is the millions digit of 814196551?
4
What is the ten millions digit of 1760173792?
6
What is the hundred thousands digit of 68042216?
0
What is the hundreds digit of 147327750?
7
What is the units digit of 1705546342?
2
What is the hundred millions digit of 819983407?
8
What is the hundreds digit of 1100970881?
8
What is the hundreds digit of 129716215?
2
What is the hundreds digit of 1443015094?
0
What is the ten millions digit of 1332887159?
3
What is the ten millions digit of 4504119241?
0
What is the millions digit of 876036870?
6
What is the hundred thousands digit of 7295084?
2
What is the thousands digit of 143008738?
8
What is the hundred thousands digit of 455339089?
3
What is the millions digit of 237144649?
7
What is the hundreds digit of 1412380?
3
What is the millions digit of 1229506400?
9
What is the hundred thousands digit of 92053951?
0
What is the tens digit of 4720805595?
9
What is the hundred thousands digit of 6271043584?
0
What is the hundreds digit of 72837610?
6
What is the ten thousands digit of 6564482848?
8
What is the tens digit of 451676933?
3
What is the millions digit of 214956721?
4
What is the units digit of 82983559?
9
What is the hundreds digit of 1071832486?
4
What is the billions digit of 1647670473?
1
What is the hundred millions digit of 6799563299?
7
What is the hundred millions digit of 113388799?
1
What is the thousands digit of 197694036?
4
What is the ten thousands digit of 90926176?
2
What is the tens digit of 4966725676?
7
What is the millions digit of 4504281305?
4
What is the hundred millions digit of 165436158?
1
What is the ten millions digit of 3036148562?
3
What is the billions digit of 3504690251?
3
What is the tens digit of 105652828?
2
What is the millions digit of 920529215?
0
What is the millions digit of 49075682?
9
What is the tens digit of 48418347?
4
What is the ten thousands digit of 208086647?
8
What is the hundreds digit of 3180641009?
0
What is the hundred millions digit of 239339596?
2
What is the tens digit of 2566505581?
8
What is the hundreds digit of 246625727?
7
What is the hundred millions digit of 556014868?
5
What is the millions digit of 450931211?
0
What is the hundred thousands digit of 92858598?
8
What is the ten thousands digit of 685968927?
6
What is the millions digit of 13592607?
3
What is the hundred millions digit of 3599393526?
5
What is the ten millions digit of 153245710?
5
What is the millions digit of 290861750?
0
What is the units digit of 13296335?
5
What is the units digit of 12618990?
0
What is the hundred thousands digit of 137771549?
7
What is the hundred thousands digit of 2012010184?
0
What is the hundred thousands digit of 1067918560?
9
What is the tens digit of 1915947473?
7
What is the millions digit of 135013922?
5
What is the units digit of 17654420?
0
What is the thousands digit of 8717856185?
6
What is the units digit of 50584810?
0
What is the hundred thousands digit of 2149983261?
9
What is the hundreds digit of 2053738323?
3
What is the hundreds digit of 48227691?
6
What is the tens digit of 257855673?
7
What is the thousands digit of 590650904?
0
What is the units digit of 269537070?
0
What is the tens digit of 537794924?
2
What is the hundreds digit of 79554900?
9
What is the ten thousands digit of 199932629?
3
What is the millions digit of 50030611?
0
What is the hundred thousands digit of 59859904?
8
What is the tens digit of 25485860?
6
What is the hundred thousands digit of 50063508?
0
What is the ten thousands digit of 1309184503?
8
What is the hundreds digit of 53027501?
5
What is the millions digit of 2531159772?
1
What is the billions digit of 1652583319?
1
What is the millions digit of 5959805403?
9
What is the thousands digit of 22512277?
2
What is the hundred millions digit of 2875771445?
8
What is the thousands digit of 25192398?
2
What is the ten millions digit of 102934091?
0
What is the millions digit of 43636520?
3
What is the units digit of 41522718?
8
What is the thousands digit of 36352623?
2
What is the thousands digit of 165086721?
6
What is the thousands digit of 129030064?
0
What is the millions digit of 70383309?
0
What is the ten thousands digit of 74766069?
6
What is the tens digit of 140330670?
7
What is the thousands digit of 75785186?
5
What is the ten thousands digit of 200199273?
9
What is the units digit of 81572712?
2
What is the hundred thousands digit of 53837892?
8
What is the hundreds digit of 10342654?
6
What is the hundred millions digit of 565556885?
5
What is the tens digit of 7749101056?
5
What is the hundreds digit of 22388990?
9
What is the hundred thousands digit of 35593896?
5
What is the hundreds digit of 94597230?
2
What is the units digit of 344072280?
0
What is the units digit of 138894402?
2
What is the thousands digit of 1002727018?
7
What is the units digit of 123878149?
9
What is the millions digit of 1625904124?
5
What is the thousands digit of 44777517?
7
What is the thousands digit of 41072500?
2
What is the hundred thousands digit of 1165719157?
7
What is the ten millions digit of 89374442?
8
What is the thousands digit of 2397162846?
2
What is the tens digit of 759102198?
9
What is the hundred thousands digit of 40838256?
8
What is the millions digit of 360048382?
0
What is the thousands digit of 28179843?
9
What is the millions digit of 52191354?
2
What is the hundred millions digit of 6319860493?
3
What is the ten thousands digit of 72059984?
5
What is the tens digit of 72219347?
4
What is the hundred thousands digit of 576126944?
1
What is the tens digit of 995707755?
5
What is the units digit of 530060597?
7
What is the hundreds digit of 1175729630?
6
What is the billions digit of 1299073406?
1
What is the tens digit of 1132316627?
2
What is the hundred thousands digit of 1402364641?
3
What is the hundred millions digit of 354023950?
3
What is the hundred thousands digit of 2981728942?
7
What is the thousands digit of 1117977858?
7
What is the hundred thousands digit of 1573218927?
2
What is the tens digit of 57008281?
8
What is the millions digit of 82119648?
2
What is the units digit of 5083986893?
3
What is the ten thousands digit of 1231772?
3
What is the units digit of 128403188?
8
What is the hundred millions digit of 450510446?
4
What is the millions digit of 824867851?
4
What is the ten thousands digit of 27276288?
7
What is the millions digit of 27098797?
7
What is the billions digit of 3065481427?
3
What is the thousands digit of 1486104453?
4
What is the billions digit of 1840884822?
1
What is the hundred thousands digit of 384030768?
0
What is the hundred millions digit of 1833041077?
8
What is the hundred thousands digit of 2719731213?
7
What is the hundred millions digit of 4072767119?
0
What is the hundred millions digit of 2571988342?
5
What is the hundreds digit of 2836507255?
2
What is the ten millions digit of 568133922?
6
What is the hundred thousands digit of 88153265?
1
What is the ten thousands digit of 3880285912?
8
What is the tens digit of 2854831882?
8
What is the hundred millions digit of 686076361?
6
What is the tens digit of 3613704407?
0
What is the tens digit of 193022738?
3
What is the hundred thousands digit of 179054120?
0
What is the tens digit of 1479852930?
3
What is the millions digit of 697349706?
7
What is the units digit of 19128016?
6
What is the tens digit of 243765056?
5
What is the millions digit of